 3*k = -27 - 45, -4*k = 16. Suppose 5*b - 3*q - 221 = 0, -3*q + 209 = 3*b + 2*b. Calculate the remainder when b is divided by (-19)/(-2) - v/40.
10
Let z(k) = -4*k + 1. Let v(g) = -g. Let d(w) = -v(w) - z(w). What is the remainder when d(5) is divided by 13?
11
Let l(y) = y**2 - 7*y + 3. Suppose 5*p + 2*c - 30 = 0, 4*p - 17 = -5*c + 7. Let s be l(p). What is the remainder when 2*(-34 - -1)/s is divided by 9?
4
Let b = 704 - 473. What is the remainder when b is divided by 29?
28
Let n = -17 - -21. What is the remainder when (2/(-6) + n/(-4))*-9 is divided by 7?
5
Let q be (0 - 2 - -3) + (-89)/1. Let h = -74 - q. Calculate the remainder when 22 is divided by h.
8
Suppose -28 = -5*u + f + 40, 5*u + 2*f - 59 = 0. Suppose u = 2*v - 7. What is the remainder when v is divided by ((-10)/40)/((-2)/40) - (33 - 32)?
2
Suppose 16*l - 54 = -2*l. Suppose 2*f = -3*u + 300, -l*u - 7*f = -3*f - 300. Calculate the remainder when u is divided by 28.
16
Suppose 6*k = 2*k + 4*c + 60, -2*c - 20 = -k. Suppose -34 = -2*j - 0*j - 4*l, 0 = 5*l - k. Let z = -6 + j. What is the remainder when 12 is divided by z?
5
Let q(m) = 3*m + 5. Let f be q(-2). What is the remainder when 7 is divided by f - (-360)/44 - (-2)/(-11)?
0
Suppose 3222*t = 3223*t - 90. Calculate the remainder when t is divided by 34.
22
Calculate the remainder when (-5)/(125/(-1785)) + (-6)/(-10) is divided by 13.
7
Let o be 120/(-16)*(-8)/5. Suppose o = -4*s + 116. What is the remainder when 76 is divided by s?
24
Let l(a) = 2*a**2 - a - 3. Let f be l(4). Suppose -f = -3*q + 14. Suppose 34 + 32 = -s + 71. What is the remainder when q is divided by s?
3
Suppose 0 = 5*p + 3*z - 141, 0 = 5*p - 99*z + 94*z - 165. Calculate the remainder when p is divided by 21.
9
Suppose -86 = -5*j - 2*m, -5*m - 64 = j - 4*j. Let p be 3 - (1 - (-4 - -7)). Suppose 2*o - p = 5. What is the remainder when j is divided by o?
3
Let b(m) = m**2 + 9 + 45*m - 3 + 7 - 50*m. What is the remainder when 73 is divided by b(6)?
16
Let j = 53 - 50. Let f(c) = 4*c**3 - 6*c**2 - c - 7. Calculate the remainder when 86 is divided by f(j).
42
Let c = 24 + -19. Suppose i + 2*i + 2*r - 18 = 0, c*r = 0. Let j = -13 + 16. What is the remainder when i is divided by j?
0
Let a = -33 - -54. Suppose 3*y + 2*r + 68 = 7*y, -5*r = -5*y + 90. Let u = y + 25. Calculate the remainder when u is divided by a.
20
Let g = -204 + 209. Let z be 8/(-5)*(-20)/8. Suppose -z*x + 3*x = g*k - 118, k - 114 = -x. What is the remainder when x is divided by 29?
26
What is the remainder when (1 - -136)*(-25 + 28) is divided by 59?
57
Let r = -988 + 1118. What is the remainder when r is divided by 7?
4
Let j(q) = q + 29. Let i be j(-27). Calculate the remainder when (-444)/(-10)*5/i is divided by 28.
27
Let t(d) = -d**3 - 3*d**2 + 10*d - 43. Calculate the remainder when 82 is divided by t(-6).
2
Let i(f) = 6*f + 51. What is the remainder when i(-5) is divided by 8?
5
Let h(s) = 13*s**2 - 7*s + 15*s**2 + 7*s + s. Let a be 2 - (0 - 3)*-1. What is the remainder when 51 is divided by h(a)?
24
Let s(v) = -v**2 + 9*v + 7. Let k be s(6). Let r = k + -3. Calculate the remainder when 85 is divided by r.
19
Suppose 2*a + 316 = 5*n - 43, -148 = -2*n + 3*a. What is the remainder when 121 is divided by n?
50
Suppose b - 2*u = -0*u + 16, -35 = -2*b + u. What is the remainder when 52 is divided by b?
16
Let k(x) = -57*x + 85. What is the remainder when k(-4) is divided by 7?
5
Suppose -91*v + 100*v = 630. Calculate the remainder when v is divided by 37.
33
Suppose -3*l + 18 = 3. What is the remainder when 19 is divided by l?
4
Suppose -2 = -o + 3, 0 = -4*x + 3*o + 137. Calculate the remainder when x is divided by 27.
11
Suppose -167*x - 299 = -180*x. Calculate the remainder when 52 is divided by x.
6
Suppose 2*s - 4 = 2*f + 10, -2*s = 5*f + 7. Let w(n) = 2*n**3 - 7*n**2 - 3*n + 2. Let m = 2 - -8. Calculate the remainder when m is divided by w(s).
4
Suppose z - 14 = -12. Suppose z*d - 4*k = -6*k + 198, 0 = -4*d - 2*k + 394. What is the remainder when d is divided by 33?
32
Let y be 0 - 12/(-18)*69. Let k = -29 + y. What is the remainder when k is divided by 6?
5
Let z = -74 - -104. Suppose 16*r + z = 19*r. What is the remainder when (-54)/8*(-16)/3 is divided by r?
6
Suppose -175 = -13*v - 6. What is the remainder when 23 is divided by v?
10
Suppose -19*w = 37*w - 1792. What is the remainder when 53 is divided by w?
21
Let i = -14 - -21. Let y = i - -4. Suppose 0 = 5*g + 5*t - 130, -g - 2*t + y + 17 = 0. What is the remainder when g is divided by 14?
10
Suppose -5*l + 4*b = -13, 0 = -3*l + 2*b + 3*b. Suppose -u - 2*p = 2*u - 65, -l*u - 2*p = -107. Calculate the remainder when u is divided by 9.
3
Suppose 6*s - 2*s - 1148 = 4*r, 0 = s - 3*r - 289. Calculate the remainder when s is divided by 58.
54
Let p(l) = 13*l**2 + 7*l - 212. Calculate the remainder when p(11) is divided by 15.
13
Let y be 7/21 + 70/6. Calculate the remainder when 139 is divided by y*2 - (-2 + 6).
19
Let r = -601 - -623. Suppose 3*j - 5*j = -10. Calculate the remainder when r is divided by j.
2
Suppose 3*w + 4*x - 96 = 0, -3*w + 4*x + 99 = 9*x. What is the remainder when 245 is divided by w?
21
Let p(v) = -v**3 + 4*v**2 - 3*v - 4. Let j be p(3). Let l = -104 - -107. Calculate the remainder when l + j + (-207)/(-3) is divided by 14.
12
Calculate the remainder when 36 + -2 + 2 + 6 is divided by -2*(-1 + (-21)/2).
19
Suppose 2*o - 18 = -3*y + y, -5*y - 3*o = -45. Let x be 0 + 1 - y/(-1). Suppose -3*c = -2*c - x. Calculate the remainder when c is divided by 4.
2
Let h(a) = 10*a - 13*a + 2 + 2*a**2 - a**2. Calculate the remainder when 16 is divided by h(4).
4
Let v be ((-3)/9)/((-7)/168). Calculate the remainder when 224/6*36/v is divided by 34.
32
Let q(g) = 50*g - 1. Let i = 58 - 24. Calculate the remainder when q(2) is divided by i.
31
Suppose 0 = -6*m + 2*m + 220. What is the remainder when 4 is divided by (-10)/m - 13/(-11)?
0
What is the remainder when 155 is divided by -1 + (-11)/(-7) - (-720)/63?
11
Let s(t) = t**3 - 3*t**2 + 13*t - 34. What is the remainder when 196 is divided by s(4)?
26
Suppose -1668 = -4*j + 228. What is the remainder when j is divided by 34?
32
Let g(l) = 2*l + 361. Calculate the remainder when g(51) is divided by 3.
1
Let i = -344 + 364. Calculate the remainder when 75 is divided by i.
15
Suppose -4*j = -2*j. Let a be 6/10 - (52/(-5) - 2). Suppose -a = -v - j*v. What is the remainder when 36 is divided by v?
10
Suppose 2*u - 462 = 3*w, -5*u - w + 446 = -3*u. Suppose 5*f + 0*f - u = 0. What is the remainder when f is divided by 12?
9
Let l = -32 + 34. Suppose 2*t - 2*b = 312, -l*t + 4*b = -3*t + 141. Suppose h - t = -2*h. Calculate the remainder when h is divided by 18.
15
Suppose -5 = 2*h + o - 1, 4*h + 3*o = -6. Suppose -5*k - 408 = -k. Calculate the remainder when h/(-12) - k/8 is divided by 4.
1
Let p(h) = 2*h**2 - 9*h + 14. Suppose 0*k - 65 = -5*k. Suppose 0*m + k = m. What is the remainder when p(7) is divided by m?
10
Let j(g) = g**2 - 3*g + 3. Suppose -4*y - 4*y = -40. Suppose -2*r + 29 = y. Calculate the remainder when j(6) is divided by r.
9
Suppose 98 + 2061 = 17*c. Calculate the remainder when c is divided by 29.
11
Suppose 129 = 11*f - 9*f + d, 5*d - 5 = 0. What is the remainder when 383 is divided by f?
63
Let g(v) = -24 + 5*v + 7 - 13. Calculate the remainder when g(10) is divided by (-2)/8*-14*2.
6
Suppose -12*t - 124 = -5*t - 397. Let i(h) = -h**2 + 7. What is the remainder when t is divided by i(0)?
4
Let k = -93 + 119. Suppose 27 = p - t - t, -t - k = -p. Calculate the remainder when p is divided by 4.
1
Let p be (-6)/18*(-87)/1. Let m = -6 + p. Calculate the remainder when m is divided by 4.
3
Suppose 4*z = 2*p - 4 + 2, -3*z = -4*p + 29. Let j = 18 - 13. What is the remainder when ((-6)/j)/((-10)/250) is divided by p?
8
Let l(b) = -b**3 + 8*b**2 + 4*b + 11. Calculate the remainder when l(7) is divided by 18.
16
Let h(q) = q**2 - 37*q + 467. What is the remainder when h(29) is divided by 83?
69
Let t = 30 + -19. Suppose 331 = 5*x + t. Suppose 5*p = 3*p + 26. Calculate the remainder when x is divided by p.
12
Suppose -y + 25 = 4*y. Suppose x - 5*u = -13, u - y*u = -2*x - 20. Calculate the remainder when 26 is divided by (4/x)/(2/(-56)).
12
Let w(h) be the first derivative of 